, 4*p - 2*p = 3*w - 32. Calculate the highest common divisor of q and w.
10
Let r(f) = f**3 + 9*f**2 - 30*f - 88. Let m be r(-11). Let s be (25 - 25) + 130 + m. What is the greatest common divisor of 104 and s?
26
Suppose 2617*r - 2619*r + 336 = 0. Calculate the greatest common divisor of 1134 and r.
42
Let b(w) = -4*w - 3 + 4*w**2 - 10*w - 8 - 5*w**2. Let n = -30 + 19. Let g be b(n). Calculate the greatest common divisor of 264 and g.
22
Suppose -z + 14 = -2*p - 2*p, -3*z = 6. Let q(h) = -h**3 + h**2 + 2*h - 2. Let a be q(p). Let g = 30 + -20. What is the greatest common factor of g and a?
10
Let l(w) = -w**3 - 10*w**2 - 20*w - 9. Let o be l(-8). Suppose -o = -7*x + 145. What is the greatest common divisor of x and 3?
3
Let h = 386 + -399. Let p be 13/h - 22/(-2). What is the highest common divisor of 50 and p?
10
Let n = 2527 + -2521. Calculate the highest common divisor of n and 768.
6
Let d be 1/(7/(-2)) - 103/7. Let r = -9 - d. Suppose r*i - 1232 = 2*i. Calculate the greatest common divisor of 28 and i.
28
Suppose 2*g + 11 = b, -g + 4*b = -6*g - 8. Let s be (g - 23/(-4))*-4. Let y be 13*(s + 4 - -4). What is the greatest common factor of 143 and y?
13
Suppose -380 + 55 = -65*p. Suppose 4*n = 2*f - 3*f + 13, 21 = 5*f - 2*n. Suppose z = f*z - 8. Calculate the greatest common factor of p and z.
1
Suppose 2*t + 9 = 1, -3*k + 3*t + 72 = 0. Suppose -2*f + 96 = 2*c, 0 = c + 4*c - k. What is the greatest common factor of 44 and f?
44
Suppose 17 + 12 = 3*l - 7. What is the greatest common divisor of l and 6576?
12
Suppose -153*z - 4914 = -160*z. Suppose -41*q = -40*q - 78. Calculate the highest common factor of z and q.
78
Let h(x) = -x**3 - 7*x**2 + 91*x - 15. Let c be h(6). Suppose -c*o + 71*o = 168. Calculate the greatest common factor of 42 and o.
21
Suppose -6*y + 184 + 812 = 0. What is the greatest common factor of y and 9711?
83
Let y = -1 + 12. Let p = -270 + 205. Let l = 120 + p. Calculate the highest common divisor of l and y.
11
Let w = -2922 + 3543. Calculate the highest common divisor of w and 243.
27
Suppose -84*n + 90*n = -3030. Let t = -484 - n. What is the greatest common divisor of t and 399?
21
Suppose 4*q - 7858 = 2*p, -2*p - 12925 + 3100 = -5*q. What is the highest common divisor of 7 and q?
7
Suppose 900*w - 902*w + 5*r + 887 = 0, 0 = w - 5*r - 431. Calculate the greatest common divisor of 3534 and w.
114
Let x = 6284 - 5033. Calculate the highest common divisor of 27 and x.
9
Suppose -5*j - 2*n + 1326 = -2460, 2*j - 1541 = 3*n. Calculate the highest common factor of 88 and j.
8
Let h = 930 + -913. Suppose -84 = -5*u + n - 1, -2*u + h = 5*n. Calculate the highest common factor of 20 and u.
4
Suppose -3*d + h + 63 = 0, 0 = 7*h - 11*h - 12. Let o be 6/(-24) - (-6205)/d - 0. Calculate the highest common divisor of 124 and o.
62
Let b(a) = -a**3 - 30*a**2 - 54*a + 77. Let k be b(-35). Calculate the highest common factor of k and 56.
28
Let t(y) = -2*y**2 - 6*y + 1. Let z be t(-1). Suppose -43*i + 532 = -z*i. Calculate the highest common factor of i and 896.
14
Let k(f) = 23*f**2 + 757*f - 21. Let b be k(-35). What is the highest common factor of 525 and b?
21
Suppose -5*l + 90 = i - l, 4*i - 4*l = 300. Suppose g - 20 = -5*f, 5*g - i = -7*f + 4*f. What is the greatest common divisor of g and 6?
3
Let b be (-103012)/(-20) + ((-322)/70 - -4). What is the highest common divisor of 50 and b?
50
Let r(h) = -4*h - 54. Let x be r(-17). Let v(k) = -2*k + 9. Let f be v(x). Let w = f + 24. What is the greatest common factor of 40 and w?
5
Suppose -17*h + 14*h = m - 46, -171 = -4*m + h. Suppose 0 = 2*b - 2, 48*w - 4*b = m*w + 1916. Calculate the greatest common factor of w and 36.
12
Let q = -13 - -32. Let x be (q + 1)/(42/21). Calculate the greatest common factor of 22 and x.
2
Let c = 7437 - 7373. Calculate the highest common factor of c and 832.
64
Suppose 3*h + 2*h = 20. Let v(a) = a**2 + a + 3. Let l be v(h). What is the highest common divisor of 299 and l?
23
Let m be -10 + 105/15 - -353. What is the greatest common divisor of m and 875?
175
Suppose 7 = 2*w - o + 4, 0 = 4*o + 4. Let t(a) = 40*a**3 - 254*a + 111*a**3 + 253*a. Let s be t(w). What is the highest common divisor of 50 and s?
50
Let v(n) = 28*n**3 + 2*n**2 - 7*n + 6. Let y be v(2). Let b = 274 - y. What is the highest common factor of 15 and b?
5
Suppose -4*k - 2*g = -114 + 44, -5*k = -4*g - 120. Let n = 29 - k. Let r = -16467 - -16473. What is the greatest common divisor of n and r?
3
Suppose 5*i - 15 = 3*j, 2*j + 0*j + 17 = i. Let m be ((-6045)/j)/(-13)*4/(-3). What is the greatest common factor of 93 and m?
31
Suppose v + v - a = 71, -2*a = 5*v - 173. Suppose -4*d - 97 = -3*j, 3*j - 4*j + 5*d = -25. What is the highest common factor of v and j?
35
Let w = -1185 + 1477. What is the greatest common factor of w and 20?
4
Suppose -4*z + 11 + 1 = 0. Suppose 0 = z*b - 26 + 14. Let p be 340 + (-1)/((-17)/(-4) - b). Calculate the highest common divisor of 42 and p.
42
Let k(r) = 3*r + 168. Let p be k(-41). Suppose -p = 12*c - 57. What is the highest common divisor of c and 23?
1
Let j = 30 + -25. Suppose -u = u + 2*f - 622, -j*u = 2*f - 1552. Let o = u + -146. Calculate the highest common divisor of 41 and o.
41
Suppose 11*p - 182 = 4*p. Suppose -19*y - 441 = -p*y. Calculate the highest common factor of 7 and y.
7
Let v be 2635/10 - (-3)/(-2). Suppose 3*w + 5*s - 94 = 36, -5*w = -3*s - v. Let r = -7197 + 7222. What is the highest common factor of w and r?
25
Let m(w) = 982*w - 1104. Let h be m(14). Calculate the highest common factor of 348 and h.
116
Let h = 21109 - 20974. Suppose -a - i + 12 = -6, 5*a + 2*i = 81. Calculate the highest common divisor of h and a.
15
Let m = -6068 + 6188. Calculate the highest common factor of m and 4380.
60
Let m(v) = 170*v - 738. Let g be m(5). Calculate the highest common factor of g and 2996.
28
Suppose -2*q - 4*j - j - 125 = 0, 4*q = -4*j - 232. Let y = q + 68. Calculate the greatest common factor of 65 and y.
13
Suppose -4*a = 20, -36*f + 38*f - 735 = -a. What is the greatest common factor of f and 40?
10
Suppose -5*q = y - 211, -5*y + q + 1009 = 3*q. Let d(i) = i**3 + 11*i**2 + 3*i - 1. Let u be d(-5). What is the greatest common divisor of u and y?
67
Let i be (-406897)/(-1199) - 8/22. Calculate the highest common divisor of 10057 and i.
113
Let g be 7 + (176/132)/((-8)/30). Let n be (-3)/3 + 10 + 1. Calculate the highest common factor of n and g.
2
Suppose 4*y = y + 99. Let t(p) = 6*p + 55. Let m be t(-9). Let g be m - ((-19)/19 - 1*9). What is the greatest common factor of y and g?
11
Suppose 31*l = x + 36*l - 17, 2*x = -3*l + 34. Suppose 198 = 2*b - 346. What is the greatest common factor of b and x?
17
Suppose -5*n + 4*j = 20, 2*n + 0*n = 5*j - 8. Let q be 5172/24 - (2 - 0)/n. Calculate the greatest common divisor of q and 54.
54
Let w be 2/10*6*165/66. Let o be (-28 + w)*(-4 - -3) + 2. What is the greatest common divisor of o and 270?
27
Let j(r) = r**2 - 14*r + 5. Let v be j(14). Suppose v*y + 18 = 378. Suppose 2*x - 18 = -2. Calculate the highest common divisor of y and x.
8
Let o = 7011 - 6912. What is the greatest common divisor of 3256 and o?
11
Suppose 3*s - 3*a - 240 = 0, -s - 5*a - 48 = -152. Let f be 48/(-9)*72/(-16). Calculate the highest common factor of s and f.
12
Let v(c) = -2*c**3 - 14*c**2 + 22*c + 40. Let t be v(-13). Suppose -7*s = -t - 290. Calculate the highest common factor of 37 and s.
37
Let m = -2298 - -2443. What is the highest common factor of m and 232?
29
Suppose 17 = i + 4*i - h, 2*h + 16 = 4*i. Let f be 651 + -4 + (i - 2). What is the greatest common factor of f and 72?
72
Suppose -2*c + 3*a = 6, -8 = 5*c + 2*a + 7. Let k(o) = -o**3 - o**2 + 6*o + 7. Let f be k(c). What is the highest common factor of 49 and f?
7
Suppose 0 = -n + 3*d + 10311, 2*n - 35218 + 14576 = d. Calculate the highest common factor of 558 and n.
279
Let q = 85 + -35. Suppose -66*x = -70*x + y + 91, 5*x - 67 = -3*y. Calculate the greatest common divisor of x and q.
10
Suppose 2*i = 6, 46 = -4*c - 4*i + 2. Let k = -2 - c. Calculate the greatest common divisor of 84 and k.
12
Let i = 5382 + -3897. Calculate the highest common divisor of 275 and i.
55
Let d(x) = 2*x**2 + 6*x + 394. Let m be d(-59). What is the highest common divisor 